 of 169776?
True
Does 49 divide 1025334?
False
Does 79 divide 1940012?
False
Is 413439 a multiple of 140?
False
Is 110 a factor of 774909?
False
Is 5972142 a multiple of 19?
False
Is 384675 a multiple of 236?
False
Is 81 a factor of 225504?
True
Does 17 divide 360366?
True
Is 81 a factor of 39251?
False
Does 1666 divide 12195120?
True
Is 177 a factor of 167394?
False
Is 64 a factor of 58368?
True
Is 959189 a multiple of 243?
False
Does 15 divide 683153?
False
Is 5 a factor of 59835?
True
Does 141 divide 134796?
True
Is 2167443 a multiple of 162?
False
Is 777348 a multiple of 156?
True
Does 4 divide 735640?
True
Is 216 a factor of 5525733?
False
Is 154 a factor of 6984516?
True
Is 10 a factor of 10510?
True
Is 438354 a multiple of 9?
True
Is 1849 a multiple of 64?
False
Is 15 a factor of 690434?
False
Does 29 divide 178872?
True
Is 59 a factor of 12510006?
True
Is 340 a factor of 2763520?
True
Is 2004912 a multiple of 84?
True
Does 3 divide 82570?
False
Is 721215 a multiple of 9?
True
Does 13 divide 7728?
False
Does 1687 divide 4546624?
False
Is 114 a factor of 3736920?
True
Is 32 a factor of 14743865?
False
Is 5421472 a multiple of 28?
True
Is 52 a factor of 1261172?
False
Is 2471162 a multiple of 32?
False
Is 12 a factor of 231600?
True
Is 48093 a multiple of 50?
False
Is 7 a factor of 3154644?
False
Is 1310510 a multiple of 65?
False
Is 1014512 a multiple of 778?
True
Does 7 divide 119054?
False
Is 809 a factor of 29416?
False
Is 324 a multiple of 3?
True
Is 1015 a factor of 15091695?
False
Does 221 divide 1776398?
True
Is 11 a factor of 248264?
False
Is 21 a factor of 713601?
True
Is 203490 a multiple of 306?
True
Does 35 divide 173101?
False
Is 678 a factor of 3277452?
True
Is 79 a factor of 60909?
True
Is 216 a factor of 898128?
True
Is 224 a factor of 331520?
True
Does 477 divide 466438?
False
Does 315 divide 554240?
False
Is 80 a factor of 5452320?
True
Is 17 a factor of 73498?
False
Is 74 a factor of 847596?
True
Is 458743 a multiple of 8?
False
Is 7 a factor of 401576?
True
Is 16 a factor of 121536?
True
Is 54 a factor of 611118?
True
Is 567420 a multiple of 84?
True
Is 43065 a multiple of 87?
True
Is 15 a factor of 1189076?
False
Is 1249762 a multiple of 18?
False
Is 117 a factor of 1906970?
False
Is 21 a factor of 325983?
True
Does 23 divide 2146935?
True
Does 349 divide 164728?
True
Is 4 a factor of 126060?
True
Is 27018422 a multiple of 25?
False
Is 190663 a multiple of 4?
False
Is 105 a factor of 666880?
False
Is 4 a factor of 1463667?
False
Is 17 a factor of 588607?
False
Is 26 a factor of 3318422?
False
Does 11 divide 376216?
False
Does 25 divide 2206002?
False
Is 86 a factor of 242614?
False
Is 281774 a multiple of 100?
False
Is 565490 a multiple of 293?
True
Is 84 a factor of 383147?
False
Is 18 a factor of 217404?
True
Is 72 a factor of 2758?
False
Does 29 divide 262450?
True
Is 391152 a multiple of 464?
True
Does 207 divide 2759103?
True
Is 252 a factor of 245700?
True
Does 52 divide 243152?
True
Is 159 a factor of 2053546?
False
Is 7 a factor of 202583?
False
Does 5 divide 145225?
True
Does 12 divide 27984312?
True
Is 225669 a multiple of 8?
False
Is 82166 a multiple of 100?
False
Is 12 a factor of 203319?
False
Does 7 divide 271005?
True
Does 245 divide 69540?
False
Is 301392 a multiple of 276?
True
Is 6963809 a multiple of 15?
False
Is 166 a factor of 625458?
False
Is 71 a factor of 237992?
True
Does 74 divide 84132?
False
Is 159 a factor of 143895?
True
Is 177785 a multiple of 9?
False
Does 159 divide 588777?
True
Does 236 divide 1104008?
True
Is 467520 a multiple of 15?
True
Does 37 divide 1378439?
False
Is 1262145 a multiple of 41?
False
Does 26 divide 8554026?
True
Does 4 divide 279950?
False
Does 27 divide 849083?
False
Is 156978 a multiple of 102?
True
Is 10 a factor of 8332?
False
Is 41 a factor of 229289?
False
Does 39 divide 242463?
True
Is 70624 a multiple of 43?
False
Is 332 a factor of 1194054?
False
Is 2 a factor of 13819?
False
Is 3908934 a multiple of 82?
False
Is 2507080 a multiple of 603?
False
Is 278 a factor of 4876676?
True
Is 70 a factor of 235776?
False
Is 108 a factor of 5165316?
True
Is 71 a factor of 214704?
True
Is 121 a factor of 1571244?
False
Is 1445632 a multiple of 13?
False
Is 267649 a multiple of 100?
False
Is 8 a factor of 1292976?
True
Does 56 divide 504?
True
Does 136 divide 20672?
True
Is 157 a factor of 259207?
True
Does 48 divide 47745?
False
Is 1216076 a multiple of 4?
True
Does 10 divide 683643?
False
Is 104191 a multiple of 25?
False
Is 794653 a multiple of 356?
False
Does 31 divide 2871499?
True
Does 9 divide 5433804?
True
Is 5373315 a multiple of 1455?
True
Is 11 a factor of 257708?
True
Does 151 divide 726209?
False
Is 20 a factor of 2647365?
False
Is 11540 a multiple of 44?
False
Is 54533 a multiple of 9?
False
Is 2437049 a multiple of 3?
False
Does 23 divide 196029?
True
Is 136 a factor of 40442?
False
Is 486 a factor of 52974?
True
Is 409 a factor of 191389?
False
Is 39 a factor of 6843295?
False
Is 6841788 a multiple of 1124?
True
Is 3715895 a multiple of 68?
False
Is 120605 a multiple of 103?
False
Does 58 divide 28666?
False
Is 17 a factor of 1195515?
False
Does 394 divide 344655?
False
Does 411 divide 60488?
False
Is 5 a factor of 7745?
True
Is 526040 a multiple of 84?
False
Is 1360608 a multiple of 24?
True
Is 1057691 a multiple of 225?
False
Does 1843 divide 10942865?
False
Is 170 a factor of 960630?
False
Does 11 divide 521703?
False
Is 14 a factor of 311515?
False
Does 24 divide 64289?
False
Does 5 divide 4952376?
False
Does 39 divide 13104?
True
Does 124 divide 239444?
True
Is 4 a factor of 45655?
False
Is 3 a factor of 494002?
False
Does 621 divide 14890131?
False
Is 107 a factor of 4143468?
True
Is 33 a factor of 48709?
False
Is 18 a factor of 7154910?
True
Is 8 a factor of 134359?
False
Is 4815128 a multiple of 13?
False
Is 78 a factor of 423540?
True
Is 2540 a multiple of 5?
True
Does 594 divide 4913588?
False
Is 8557652 a multiple of 138?
False
Is 241 a factor of 477269?
False
Is 488833 a multiple of 27?
False
Does 9 divide 25889?
False
Does 108 divide 1915179?
False
Does 6 divide 526329?
False
Is 481 a factor of 6858929?
False
Is 110112 a multiple of 148?
True
Is 282 a factor of 79806?
True
Is 33 a factor of 182061?
True
Is 618640 a multiple of 304?
True
Does 181 divide 14294165?
False
Is 2146 a factor of 5082266?
False
Is 103 a factor of 726974?
True
Is 347 a factor of 21562?
False
Is 194348 a multiple of 11?
True
Does 16 divide 44510?
False
Does 1126 divide 3596214?
False
Does 79 divide 152154?
True
Does 22 divide 2727670?
True
Is 3110598 a multiple of 909?
True
Is 999336 a multiple of 52?
True
Does 55 divide 431970?
True
Does 59 divide 74374?
False
Is 11921 a multiple of 13?
True
Is 297 a factor of 188298?
True
Is 546 a factor of 2716350?
True
Does 66 divide 180774?
True
Is 10793 even?
False
Does 69 divide 277587?
True
Does 484 divide 414276?
False
Is 20 a factor of 511149?
False
Is 7 a factor of 21096?
False
Is 407 a factor of 4104541?
False
Is 5766043 a multiple of 588?
False
Does 21 divide 250987?
False
Is 6424572 a multiple of 204?
True
Is 1492 a factor of 3783870?
False
Is 76 a factor of 205440?
False
Does 337 divide 825313?
True
Is 71 a factor of 17084304?
True
Does 777 divide 2115771?
True
Is 45 a factor of 7269109?
False
Does 339 divide 994626?
True
Does 236 divide 403324?
True
Does 85 divide 24055?
True
Does 22 divide 44429?
False
Does 404 divide 62903?
False
Does 506 divide 4098600?
True
Is 12674 a multiple of 5?
False
Does 13 divide 6056088?
False
Is 129 a factor of 4689150?
True
Does 19 divide 796718?
False
Is 341820 a multiple of 20?
True
Is 16026 a multiple of 116?
False
Is 159 a factor of 101124?
True
Is 75 a factor of 116325?
True
Is 190960 a multiple of 341?
True
Does 502 divide 5613364?
True
Does 45 divide 1527790?
False
Does 113 divide 657660?
True
Is 4 a factor of 484611?
False
Is 82 a factor of 820?
True
Does 12 divide 995340?
True
Is 2113106 a multiple of 8?
False
Is 763989 a multiple of 36?
False
Does 51 divide 122196?
True
Is 88536 a multiple of 6?
True
Is 224 a factor of 203168?
True
Is 32265 a multiple of 135?
True
Is 390362 a multiple of 219?
False
Does 87 divide 3330698?
False
Does 3 divide 8324?
False
Is 7 a factor of 2519